*s**3/6 - s**2 + 212*s. Determine l(w).
2
Suppose -4 + 8 = 4*y. Let l(r) = -5*r**3 - y + 21*r**2 + 21*r**2 - 42*r**2. Determine l(1).
-6
Let b be 403/124 + 6/8. Suppose -2*p - 22 = b*w - 10, 5*p + 10 = 0. Let y(j) = 5*j + 1. Determine y(w).
-9
Let z(o) = -9*o + 11. Let u be z(2). Let w(y) = y**2 - 4 + 7*y - 3 - 4 + 5. What is w(u)?
-6
Let c(j) = -7*j + 1. Let w = -4 - -6. Let t(o) be the third derivative of -7*o**4/8 + o**3/2 - o**2. Let u(g) = w*t(g) - 7*c(g). What is u(-1)?
-8
Suppose -u + 3*u = -5*m + 31, -87 = -5*u - 3*m. Let v = 18 - u. Let i(z) = -2 + z + 4 + v. Give i(6).
8
Let t(i) = -i**3 - 1. Let z(q) = 5*q**3 + q + 10. Let g(p) = -4*t(p) - z(p). Let y be g(0). Let v(m) = m**3 + 7*m**2 + 3*m - 3. Give v(y).
15
Let a(t) be the first derivative of 0*t - 1 + 6*t**2 - 5/6*t**3 + 1/12*t**5 - 1/8*t**4 + 1/120*t**6. Let l(o) be the second derivative of a(o). Determine l(-5).
10
Let k = 16 - 10. Suppose 4*s - 2*s - k = 0. Let u(q) = s*q**2 + 1 + 7*q + q**2 - 4*q. What is u(-2)?
11
Let d(n) be the second derivative of n**5/20 + n**4/12 + n**2 - 11*n. Suppose -4 = 3*p + g, 5*p + 4 = p - 2*g. Let f be 0/(-12)*1/p. Determine d(f).
2
Suppose 7*o = 463 - 498. Let c(s) = -1 + 3 + 4*s + 3. What is c(o)?
-15
Let m = -11 - -7. Let q(j) = 3*j**3 + 6*j**2 - j - 3. Let l(d) = -7*d**3 - 13*d**2 + 3*d + 5. Let i(b) = -2*l(b) - 5*q(b). What is i(m)?
9
Let c(m) be the third derivative of 0*m - 1/6*m**3 - 1 + 1/12*m**4 - 1/20*m**5 - 1/120*m**6 - 17*m**2. Calculate c(2).
-17
Suppose 125*p - 14 = 127*p. Let d(y) = -7*y**3 - 11*y**2 - 17*y + 16. Let z(c) = -4*c**3 - 5*c**2 - 9*c + 8. Let h(g) = 3*d(g) - 5*z(g). Give h(p).
1
Let d(y) = -2*y**2 - 19*y - 11. Let h be d(-9). Let x(q) be the third derivative of -q**4/6 - q**3/3 - 2*q**2. Calculate x(h).
6
Suppose q = 3*q - 3*u - 2, -u = q - 1. Let h(f) = f + 1. Let j(z) = -8*z**2 - 3*z - 1. Let i(m) = -2*h(m) - j(m). Determine i(q).
8
Let k(j) = -5*j + 2*j + 3*j**2 - 4*j**2 + 10 + 2. Let n be k(-5). Let z(a) = n + a + 5 + 1 - 3 - a**2. Determine z(4).
-7
Suppose -119*d = -116*d - 3. Let k(a) = -9*a**3 - 2*a**2 + a. What is k(d)?
-10
Let v(t) = 10*t**2 - 85*t + 197. Let q(j) = 3*j**2 - 28*j + 66. Let m(l) = 7*q(l) - 2*v(l). Let n be m(23). Let p(z) = 16*z**2 - z - 1. Determine p(n).
16
Let c(r) be the second derivative of r**3/3 - 3*r**2 + r. Suppose 42*o - 28*o - 84 = 0. Determine c(o).
6
Let b(r) = r. Let f(m) = -2*m + 10. Let n(o) = 3*b(o) + f(o). Let h be n(-8). Let x be h/7 + 4/(-14). Let l(t) = -t + 1. Give l(x).
1
Let y = 1/220 - -1/264. Let q(x) be the third derivative of -5/24*x**4 + 0*x + 7*x**2 + y*x**6 - 1/15*x**5 + 1/2*x**3 + 0. Calculate q(5).
3
Let m(i) = -i**3 - 6*i**2 - 11*i - 4. Let f(s) = 5*s**3 + 24*s**2 + 45*s + 17. Let j(z) = 2*f(z) + 9*m(z). Determine j(7).
-16
Let r(n) = -3*n**3 - 53*n**2 + 10*n + 43. Let f(g) = -2*g**3 - 36*g**2 + 7*g + 29. Let p(k) = 7*f(k) - 5*r(k). Give p(-13).
1
Suppose 3*c = 3*t - 3, 3*t - 2*t - 7 = -c. Let x(g) = 0 - g - c*g + 1. Calculate x(4).
-15
Let t(v) = -2*v - 11. Let y be ((-6)/6)/((-14)/(-98)). Give t(y).
3
Suppose -2*i - 6 = -4*i. Suppose -2*d = d - 6. Let v(q) = 10*q**2 + 5 - 4*q - 11*q**d + 2 + q**3 - 4. What is v(i)?
9
Suppose 0 = -4*a + 8 + 16. Let c(s) be the first derivative of -s**4/4 + 5*s**3/3 + 2*s**2 + 4*s - 536. Give c(a).
-8
Let w(d) = d - 1. Let m = -44 + 32. Let y be ((-4)/m)/(3/(-63)). What is w(y)?
-8
Let y(w) be the first derivative of -w**7/840 + w**6/180 + w**5/40 - w**4/24 + 10*w**3/3 + 2. Let o(h) be the third derivative of y(h). Determine o(3).
-1
Suppose 0*i - 2*i = -2*j + 4, 0 = 3*i - 4*j + 9. Let n be ((-2 - -3)/1)/i. Let f(q) = q + 0 + q - n. Determine f(-1).
-3
Let l(q) = -3*q + 6. Let u be l(5). Let p(k) = 13*k + 9. Let c(h) = 29*h + 20. Let a(v) = -4*c(v) + 9*p(v). What is a(u)?
-8
Let l(w) = 3*w - 3. Let i = -40 + 17. Let d = 30 + i. Give l(d).
18
Let s(k) = 13*k + 4. Suppose -2*o + 3*o - 11 = 0. Let g(z) = 7*z + 2. Let r(i) = o*g(i) - 6*s(i). Let j = -1401 + 1404. Calculate r(j).
-5
Let j = -14 + -3. Let f(o) = -o**3 - 17*o**2 + o + 20. Let k be f(j). Let z(x) = -x**2 + 4*x - 4. Give z(k).
-1
Let w(i) = i + 7. Let r(n) = -4*n - 19. Let o(v) = -2*v - 10. Let j(m) = 9*o(m) - 4*r(m). Let s(z) = -3*j(z) - 5*w(z). Suppose 2*u + 2*u = -24. What is s(u)?
1
Let k(f) = -f**2 + 6*f + 6. Suppose 5*h + 4 = 7*h. Let t = h - -5. What is k(t)?
-1
Let t(q) = 2*q - 3. Let h(o) = -o + 2. Let z = 91 - 87. Let f(w) = z*t(w) + 7*h(w). Calculate f(-1).
1
Let z(u) be the third derivative of -u**6/60 - u**5/15 - u**4/24 - u**3/3 - 2*u**2 + 6. Calculate z(-3).
19
Let t be (-10)/2*1292/(-340). Let s(z) = 2*z - 30. Calculate s(t).
8
Let s(k) = 17*k**2 - k - 2. Let z be s(-1). Suppose 2 = 3*d - z. Let q(a) = 0*a + 9 - 2*a + a**2 - 5*a. Calculate q(d).
3
Let i(z) = 0*z**2 - 32 + 18 - 2*z**2 - 7*z + z**2. What is i(-6)?
-8
Let a(i) be the first derivative of -5*i + 21 - 17 - i**2 + i + 14. What is a(-5)?
6
Let r(m) = -2*m**2 + 7*m + 22. Let l(d) = 3*d**2 - 15*d - 44. Let u(k) = -3*l(k) - 5*r(k). Give u(-9).
13
Let w(k) = -5*k. Let j = -1338 + 1340. Give w(j).
-10
Let r(v) = 3*v + 4. Let m be r(-2). Suppose -2*d + 5*b + 25 = -d, 5 = -2*d - b. Let s(c) = 0*c - 2 - 8*c + d*c. What is s(m)?
14
Let z(r) = 10*r + 252. Let t be z(-25). Let x(m) be the third derivative of 0 + m**3 + 0*m - 1/8*m**4 + t*m**2. Calculate x(6).
-12
Let f(g) = -2*g**3 - 4*g**2 + 23*g - 5. Let t(l) = -l**3 + l**2 + 6*l. Let x(d) = -f(d) + 3*t(d). Give x(6).
11
Suppose 0 = 2*d + 3 - 11. Let a = 7 - d. Let t(k) = k - 2 + a + 1 - 6. Determine t(-4).
-8
Let w(s) = -2*s + 24. Let k be w(14). Let n(i) = -4 - 2 + i + 1. Let h(c) = -1. Let g(y) = -h(y) + n(y). Determine g(k).
-8
Suppose 23*n - 26*n = -87. Suppose -27*c + n*c = 40. Let d = 14 - c. Let z(k) = k**2 + 5*k - 3. What is z(d)?
3
Let b(q) = q**2 + q. Let n(z) be the first derivative of -z**3/3 - 3*z**2/2 + 4*z + 22. Let f = -8 + 4. Let p be n(f). Determine b(p).
0
Let d(r) = 10*r + 2. Let c(q) = -5*q - 1. Let u(v) = -7*c(v) - 4*d(v). Let a(s) = s**3 - 2*s**2 - 4*s + 5. Let l be a(-2). Give u(l).
14
Let p(t) = -4*t + 1. Let n(k) = k - 1. Let g(m) = -5*n(m) - p(m). Let f(o) = -o**3 + 4*o**2 - 2*o - 6. Let r be f(3). Determine g(r).
7
Let a be 1*((2 - 0) + 1). Let k(m) = 2 + 276*m - 95*m - 94*m - 86*m - 4. Calculate k(a).
1
Let v(a) = a**2 + 4*a + 5. Let n be 0 - -2 - -2*21/(-6). Give v(n).
10
Let b(l) = l**3 + 4*l**2 + 3*l + 2. Let c = 13 + -8. Suppose 6*a = c*j + 8*a - 6, 3*j = 3*a - 9. Suppose -4*d + j = 8. Calculate b(d).
4
Let n be 56/6 - (-8)/12. Let q(u) = -n*u**2 - 3*u**3 + 9*u**2 + 14*u**3 + 1. What is q(1)?
11
Let y(v) = v**3 + v**2 + v - 10. Let r be y(0). Let t be (8 + r)*(-2)/4. Let c(k) = k**2 - k**2 + 1 + 12*k**3. What is c(t)?
13
Let n(h) be the first derivative of 5*h**2/2 + 6*h - 8. Let u be n(-2). Let a(j) = j**2 + 5*j - 2. Give a(u).
-6
Let i(h) = -3*h**3 - 5*h**2 - 8*h + 18. Let g(l) = -2*l**3 - 3*l**2 - 5*l + 11. Let x(v) = 8*g(v) - 5*i(v). What is x(3)?
-20
Suppose 0 = -3*t + 5*v + 18, -5*t - 9 = -5*v - 29. Let a be (-5)/(-15) + 1/(-3). Let p be (t - 0)*a/(-2). Let k(z) = z - 13. Calculate k(p).
-13
Let l(r) = -r**2 - r - 2. Let x be l(-3). Let g(o) = -6 + 35*o - 50*o + 14*o. Determine g(x).
2
Let x(j) be the third derivative of j**8/3360 + j**7/2520 - j**6/720 + 11*j**5/30 + 17*j**2. Let c(w) be the third derivative of x(w). Calculate c(-2).
19
Let s(q) be the second derivative of q**5/20 + q**4/3 - 5*q**3/6 + 3*q**2/2 + 294*q - 1. Let r(f) = f - 2. Let i be r(-3). Give s(i).
3
Suppose 2*a = -4*t + 7*a - 9, 4*t = 4*a - 4. Let j(d) = 0 + 3*d**2 - 6*d**2 + t*d**2 - 3 + 7*d. Suppose -5*r = -k + 2 - 34, 3*k + 3*r + 6 = 0. What is j(k)?
-3
Let u(q) = -5*q + 6*q + 2 - 28 + 3*q. Let c be u(6). Let s(b) = b - 4. Let d(i) = 2*i - 9. Let v(h) = 2*d(h) - 5*s(h). Calculate v(c).
4
Let k = 0 - 0. Let j = 2 + k. Let c(n) = j*n - n + n**2 + 3*n + 0*n. Give c(-3).
-3
Suppose 5*c = 2*z - 31, 5*z + 3*c = -0*c. Let k(o) = 4*o**3 + o**z - 4*o**3 + 13*o + 7*o**2 + 8 - 4*o. Determine k(-6).
-10
Let l(c) be the second derivative of -c**8/6720 + c**7/420 + c**6/360 - c**5/20 - c**4/6 - 4*c. Let w(p) be the third derivative of l(p). Determine w(6).
6
Let w(k) = -12 + 15 - 2 - k. Give w(-3).
4
Suppose 5*u = 5*h + 140, -h + 0*u = 2*u + 19. 